ded by 21.
15
Calculate the remainder when 947 is divided by 5.
2
Calculate the remainder when 119 is divided by 9.
2
What is the remainder when 4185 is divided by 1388?
21
What is the remainder when 487 is divided by 3?
1
What is the remainder when 418 is divided by 204?
10
Calculate the remainder when 127 is divided by 26.
23
Calculate the remainder when 170 is divided by 71.
28
Calculate the remainder when 189 is divided by 103.
86
Calculate the remainder when 518 is divided by 20.
18
What is the remainder when 177 is divided by 22?
1
Calculate the remainder when 67 is divided by 7.
4
What is the remainder when 831 is divided by 155?
56
What is the remainder when 6192 is divided by 3?
0
Calculate the remainder when 2009 is divided by 19.
14
Calculate the remainder when 63 is divided by 23.
17
Calculate the remainder when 29 is divided by 22.
7
What is the remainder when 105 is divided by 18?
15
Calculate the remainder when 110 is divided by 22.
0
What is the remainder when 1616 is divided by 81?
77
What is the remainder when 357 is divided by 131?
95
What is the remainder when 70 is divided by 21?
7
What is the remainder when 825 is divided by 14?
13
What is the remainder when 97 is divided by 70?
27
Calculate the remainder when 21250 is divided by 269.
268
Calculate the remainder when 62 is divided by 16.
14
Calculate the remainder when 76 is divided by 16.
12
Calculate the remainder when 129 is divided by 6.
3
Calculate the remainder when 73059 is divided by 130.
129
Calculate the remainder when 238 is divided by 45.
13
Calculate the remainder when 971 is divided by 108.
107
Calculate the remainder when 1051 is divided by 31.
28
Calculate the remainder when 207 is divided by 11.
9
Calculate the remainder when 1114 is divided by 80.
74
Calculate the remainder when 539 is divided by 265.
9
Calculate the remainder when 11826 is divided by 2363.
11
What is the remainder when 592 is divided by 23?
17
What is the remainder when 652 is divided by 164?
160
Calculate the remainder when 8870 is divided by 102.
98
Calculate the remainder when 2303 is divided by 96.
95
What is the remainder when 35 is divided by 9?
8
What is the remainder when 188 is divided by 52?
32
What is the remainder when 394 is divided by 36?
34
What is the remainder when 594 is divided by 98?
6
Calculate the remainder when 832 is divided by 211.
199
Calculate the remainder when 8282 is divided by 1655.
7
Calculate the remainder when 2743 is divided by 47.
17
What is the remainder when 272 is divided by 20?
12
Calculate the remainder when 76 is divided by 17.
8
Calculate the remainder when 118 is divided by 17.
16
Calculate the remainder when 519 is divided by 132.
123
Calculate the remainder when 46 is divided by 12.
10
Calculate the remainder when 914 is divided by 302.
8
What is the remainder when 1007 is divided by 227?
99
What is the remainder when 1055 is divided by 44?
43
Calculate the remainder when 1257 is divided by 20.
17
What is the remainder when 773 is divided by 202?
167
Calculate the remainder when 355 is divided by 138.
79
What is the remainder when 2812 is divided by 156?
4
Calculate the remainder when 556 is divided by 17.
12
What is the remainder when 62 is divided by 18?
8
What is the remainder when 54 is divided by 7?
5
Calculate the remainder when 68 is divided by 48.
20
Calculate the remainder when 828 is divided by 192.
60
What is the remainder when 282 is divided by 36?
30
What is the remainder when 181 is divided by 88?
5
What is the remainder when 1030 is divided by 37?
31
What is the remainder when 423 is divided by 29?
17
What is the remainder when 778 is divided by 39?
37
What is the remainder when 26 is divided by 4?
2
Calculate the remainder when 369 is divided by 72.
9
Calculate the remainder when 109 is divided by 14.
11
Calculate the remainder when 630 is divided by 4.
2
What is the remainder when 15 is divided by 3?
0
Calculate the remainder when 22097 is divided by 254.
253
Calculate the remainder when 298 is divided by 213.
85
What is the remainder when 392 is divided by 137?
118
What is the remainder when 137 is divided by 5?
2
Calculate the remainder when 48 is divided by 31.
17
What is the remainder when 5183 is divided by 38?
15
What is the remainder when 66 is divided by 51?
15
What is the remainder when 1227 is divided by 15?
12
What is the remainder when 133 is divided by 27?
25
What is the remainder when 57 is divided by 18?
3
Calculate the remainder when 713 is divided by 241.
231
What is the remainder when 5325 is divided by 267?
252
Calculate the remainder when 5592 is divided by 373.
370
What is the remainder when 41028 is divided by 92?
88
What is the remainder when 544 is divided by 40?
24
Calculate the remainder when 144 is divided by 34.
8
Calculate the remainder when 24 is divided by 9.
6
Calculate the remainder when 682 is divided by 6.
4
What is the remainder when 1001 is divided by 199?
6
What is the remainder when 666 is divided by 221?
3
What is the remainder when 6327 is divided by 99?
90
Calculate the remainder when 402 is divided by 103.
93
What is the remainder when 239 is divided by 16?
15
What is the remainder when 75 is divided by 13?
10
Calculate the remainder when 1558 is divided by 8.
6
What is the remainder when 1689 is divided by 432?
393
What is the remainder when 824 is divided by 23?
19
What is the remainder when 1104 is divided by 71?
39
Calculate the remainder when 204 is divided by 8.
4
What is the remainder when 1656 is divided by 168?
144
What is the remainder when 12302 is divided by 16?
14
What is the remainder when 19684 is divided by 34?
32
Calculate the remainder when 260 is divided by 152.
108
What is the remainder when 460 is divided by 22?
20
Calculate the remainder when 705 is divided by 30.
15
Calculate the remainder when 9426 is divided by 3138.
12
Calculate the remainder when 738 is divided by 248.
242
Calculate the remainder when 760 is divided by 99.
67
What is the remainder when 4 is divided by 2?
0
Calculate the remainder when 1223 is divided by 53.
4
Calculate the remainder when 208 is divided by 99.
10
What is the remainder when 568 is divided by 51?
7
Calculate the remainder when 129 is divided by 8.
1
Calculate the remainder when 3185 is divided by 76.
69
Calculate the remainder when 157 is divided by 58.
41
Calculate the remainder when 109 is divided by 37.
35
Calculate the remainder when 292 is divided by 146.
0
Calculate the remainder when 730 is divided by 187.
169
What is the remainder when 203 is divided by 52?
47
Calculate the remainder when 230 is divided by 44.
10
What is the remainder when 8781 is divided by 169?
162
Calculate the remainder when 49 is divided by 13.
10
What is the remainder when 1381 is divided by 196?
9
Calculate the remainder when 576 is divided by 17.
15
Calculate the remainder when 46 is divided by 23.
0
Calculate the remainder when 3040 is divided by 132.
4
What is the remainder when 404 is divided by 181?
42
What is the remainder when 221 is divided by 45?
41
What is the remainder when 151 is divided by 85?
66
Calculate the remainder when 574 is divided by 18.
16
What is the remainder when 65 is divided by 24?
17
Calculate the remainder when 666 is divided by 214.
24
What is the remainder when 248 is divided by 42?
38
Calculate the remainder when 3482 is divided by 205.
202
Calculate the remainder when 2576 is divided by 129.
125
What is the remainder when 3042 is divided by 105?
102
What is the remainder when 415 is divided by 96?
31
What is the remainder when 41 is divided by 29?
12
Calculate the remainder when 140 is divided by 12.
8
Calculate the remainder when 175 is divided by 44.
43
What is the remainder when 158 is divided by 32?
30
Calculate the remainder when 42 is divided by 10.
2
Calculate the remainder when 831 is divided by 103.
7
What is the remainder when 1161 is divided by 6?
3
Calculate the remainder when 3067 is divided by 161.
8
What is the remainder when 56 is divided by 13?
4
What is the remainder when 237 is divided by 48?
45
Calculate the remainder when 99 is divided by 51.
48
Calculate the remainder when 3285 is divided by 62.
61
What is the remainder when 402 is divided by 37?
32
Calculate the remainder when 272 is